{"id":350,"date":"2019-10-06T15:38:10","date_gmt":"2019-10-06T19:38:10","guid":{"rendered":"http:\/\/lafabricarquitectos.com\/?page_id=350"},"modified":"2020-02-02T16:55:38","modified_gmt":"2020-02-02T20:55:38","slug":"quienes-somos","status":"publish","type":"page","link":"http:\/\/lafabricarquitectos.com\/?page_id=350","title":{"rendered":"Quienes Somos"},"content":{"rendered":"\n<figure class=\"wp-block-image\"><img loading=\"lazy\" decoding=\"async\" width=\"1024\" height=\"576\" src=\"http:\/\/lafabricarquitectos.com\/wp-content\/uploads\/2019\/10\/image-1024x576.png\" alt=\"\" class=\"wp-image-351\" srcset=\"http:\/\/lafabricarquitectos.com\/wp-content\/uploads\/2019\/10\/image-1024x576.png 1024w, http:\/\/lafabricarquitectos.com\/wp-content\/uploads\/2019\/10\/image-300x169.png 300w, http:\/\/lafabricarquitectos.com\/wp-content\/uploads\/2019\/10\/image-768x432.png 768w, http:\/\/lafabricarquitectos.com\/wp-content\/uploads\/2019\/10\/image.png 1181w\" sizes=\"auto, (max-width: 1024px) 100vw, 1024px\" \/><\/figure>\n\n\n\n<p>La F\u00e1brica Arquitectos y Asociados C.A, se establece oficialmente en mayo del 2013, desde principio re\u00fane un equipo multidisciplinario que pueda desarrollar proyectos de distintas naturalezas en las ramas del dise\u00f1o y la construcci\u00f3n. Bajo la direcci\u00f3n del Arquitecto Carlos Colmen\u00e1rez, Co-fundador de la firma, se orientan propuestas cuya evoluci\u00f3n sobre el plano adquiere sus cualidades definitivas en la realidad. Al d\u00eda de hoy, el alcance de nuestro servicio se apoya en una plataforma f\u00edsica y tecnol\u00f3gica que nuestros profesionales dominan en todos los procesos de dise\u00f1o, fabricaci\u00f3n, instalaci\u00f3n y construcci\u00f3n de obras propias y\/o de particulares, en la correspondientes escalas y especialidades que ameriten los proyectos.<br> La F\u00e1brica Arquitectos y Asociados C.A. Trabaja de manera directa y preferencial con sus clientes. Proyecta, dise\u00f1a, administra, fabrica e inspecciona en virtud de los resultados que la compa\u00f1\u00eda y nuestros clientes convengan.<\/p>\n\n\n\n<figure class=\"wp-block-image\"><img loading=\"lazy\" decoding=\"async\" width=\"1024\" height=\"577\" src=\"http:\/\/lafabricarquitectos.com\/wp-content\/uploads\/2019\/10\/image-1-1024x577.png\" alt=\"\" class=\"wp-image-352\" srcset=\"http:\/\/lafabricarquitectos.com\/wp-content\/uploads\/2019\/10\/image-1-1024x577.png 1024w, http:\/\/lafabricarquitectos.com\/wp-content\/uploads\/2019\/10\/image-1-300x169.png 300w, http:\/\/lafabricarquitectos.com\/wp-content\/uploads\/2019\/10\/image-1-768x433.png 768w, http:\/\/lafabricarquitectos.com\/wp-content\/uploads\/2019\/10\/image-1.png 1292w\" sizes=\"auto, (max-width: 1024px) 100vw, 1024px\" \/><\/figure>\n\n\n\n<h2 class=\"has-very-dark-gray-color has-text-color wp-block-heading\">Valor <\/h2>\n\n\n\n<p>Cada proyecto tiene su modo de ser abordado, pero todos exigen una investigaci\u00f3n que justifique el curso de ese mismo proceso, donde las ideas cobren su sentido a trav\u00e9s de fundados acuerdos de las dimensiones y de la est\u00e9tica, contempl\u00e1ndose, desde luego, su contexto antropol\u00f3gico y natural. De modo que la visi\u00f3n de la F\u00e1brica y Arquitectos Asociados C.A. es recrear esa abstracci\u00f3n acad\u00e9mica, pero siempre en virtud de lo que las circunstancias propicien desde s\u00ed, entendiendo cualquier idea como un motivo de an\u00e1lisis y reflexi\u00f3n de quienes no s\u00f3lo se guardan de los elementos, sino que se consagran \u00edntimamente a ellos. Es, sea dicho as\u00ed, una f\u00e1brica dentro de la cual lo que se ve en cada una de sus etapas ciertamente ocurre como un fen\u00f3meno integral, capaz de aparecer en el mundo m\u00e1s all\u00e1 de su mera representaci\u00f3n.<\/p>\n\n\n\n<figure class=\"wp-block-image\"><img loading=\"lazy\" decoding=\"async\" width=\"1024\" height=\"767\" src=\"http:\/\/lafabricarquitectos.com\/wp-content\/uploads\/2019\/10\/image-2-1024x767.png\" alt=\"\" class=\"wp-image-353\" srcset=\"http:\/\/lafabricarquitectos.com\/wp-content\/uploads\/2019\/10\/image-2-1024x767.png 1024w, http:\/\/lafabricarquitectos.com\/wp-content\/uploads\/2019\/10\/image-2-300x225.png 300w, http:\/\/lafabricarquitectos.com\/wp-content\/uploads\/2019\/10\/image-2-768x575.png 768w, http:\/\/lafabricarquitectos.com\/wp-content\/uploads\/2019\/10\/image-2.png 1300w\" sizes=\"auto, (max-width: 1024px) 100vw, 1024px\" \/><\/figure>\n\n\n\n<p><\/p>\n","protected":false},"excerpt":{"rendered":"<p>La F\u00e1brica Arquitectos y Asociados C.A, se establece oficialmente en mayo del 2013, desde principio re\u00fane un equipo multidisciplinario que pueda desarrollar proyectos de distintas naturalezas en las ramas del dise\u00f1o y la construcci\u00f3n. Bajo la direcci\u00f3n del Arquitecto Carlos Colmen\u00e1rez, Co-fundador de la firma, se orientan propuestas cuya evoluci\u00f3n sobre el plano adquiere sus [&hellip;]<\/p>\n","protected":false},"author":1,"featured_media":0,"parent":0,"menu_order":0,"comment_status":"closed","ping_status":"closed","template":"template_quienessomos.php","meta":{"footnotes":""},"class_list":["post-350","page","type-page","status-publish","hentry"],"_links":{"self":[{"href":"http:\/\/lafabricarquitectos.com\/index.php?rest_route=\/wp\/v2\/pages\/350","targetHints":{"allow":["GET"]}}],"collection":[{"href":"http:\/\/lafabricarquitectos.com\/index.php?rest_route=\/wp\/v2\/pages"}],"about":[{"href":"http:\/\/lafabricarquitectos.com\/index.php?rest_route=\/wp\/v2\/types\/page"}],"author":[{"embeddable":true,"href":"http:\/\/lafabricarquitectos.com\/index.php?rest_route=\/wp\/v2\/users\/1"}],"replies":[{"embeddable":true,"href":"http:\/\/lafabricarquitectos.com\/index.php?rest_route=%2Fwp%2Fv2%2Fcomments&post=350"}],"version-history":[{"count":7,"href":"http:\/\/lafabricarquitectos.com\/index.php?rest_route=\/wp\/v2\/pages\/350\/revisions"}],"predecessor-version":[{"id":530,"href":"http:\/\/lafabricarquitectos.com\/index.php?rest_route=\/wp\/v2\/pages\/350\/revisions\/530"}],"wp:attachment":[{"href":"http:\/\/lafabricarquitectos.com\/index.php?rest_route=%2Fwp%2Fv2%2Fmedia&parent=350"}],"curies":[{"name":"wp","href":"https:\/\/api.w.org\/{rel}","templated":true}]}}